{"id":6825,"date":"2024-11-22T13:49:11","date_gmt":"2024-11-22T12:49:11","guid":{"rendered":"https:\/\/dev.visibilia.com\/impressum\/"},"modified":"2025-05-21T16:33:24","modified_gmt":"2025-05-21T14:33:24","slug":"impressum","status":"publish","type":"page","link":"https:\/\/www.visibilia.com\/es\/impressum\/","title":{"rendered":"Aviso legal"},"content":{"rendered":"\t\t<div data-elementor-type=\"wp-page\" data-elementor-id=\"6825\" class=\"elementor elementor-6825 elementor-2303\">\n\t\t\t\t<div class=\"elementor-element elementor-element-68946e34 e-flex e-con-boxed e-con e-parent\" data-id=\"68946e34\" data-element_type=\"container\" data-e-type=\"container\" data-settings=\"{&quot;background_background&quot;:&quot;classic&quot;}\">\n\t\t\t\t\t<div class=\"e-con-inner\">\n\t\t\t\t<div class=\"elementor-element elementor-element-150ebc85 elementor-widget elementor-widget-text-editor\" data-id=\"150ebc85\" data-element_type=\"widget\" data-e-type=\"widget\" data-widget_type=\"text-editor.default\">\n\t\t\t\t<div class=\"elementor-widget-container\">\n\t\t\t\t\t\t\t\t\t<h2><strong>Visibilia GmbH<\/strong><\/h2><p>Am Flugplatz 2<br>73540 Heubach<br>Alemania<br>Tel.: +49 7173 7140 0<br>Fax: +49 7173 7140 44<br>E-mail: <a href=\"mailto:comercial@visibilia.es\">info@visibilia.de<\/a> <\/p><p>Director General:<br>Ralf Kmoch<\/p><p>Inscripci\u00f3n en el registro:<br>Juzgado de registro: Ulm<br>N\u00famero de registro: 701207<\/p><p>N.\u00ba de IVA conforme al \u00a727a UStG:<br>DE146759075 <\/p><p class=\"p1\">A pesar del cuidadoso control del contenido, no asumimos ninguna responsabilidad por el contenido de los enlaces externos. El contenido de las p\u00e1ginas enlazadas es responsabilidad exclusiva de sus respectivos operadores. <\/p><p>Plataforma de la Comisi\u00f3n Europea para la resoluci\u00f3n de litigios en l\u00ednea <a href=\"https:\/\/www.ec.europa.eu\/consumers\/odr\" target=\"_blank\" rel=\"noreferrer noopener\">https:\/\/www.ec.europa.eu\/consumers\/odr<\/a><\/p><p class=\"p1\">*Informaci\u00f3n seg\u00fan el \u00a7 5 DDG<\/p>\t\t\t\t\t\t\t\t<\/div>\n\t\t\t\t<\/div>\n\t\t\t\t\t<\/div>\n\t\t\t\t<\/div>\n\t\t\t\t<\/div>\n\t\t","protected":false},"excerpt":{"rendered":"<p>Visibilia GmbH Am Flugplatz 273540 HeubachAlemaniaTel.: +49 7173 7140 0Fax: +49 7173 7140 44E-mail: info@visibilia.de Director General:Ralf Kmoch Inscripci\u00f3n en el registro:Juzgado de registro: UlmN\u00famero de registro: 701207 N.\u00ba de IVA conforme al \u00a727a UStG:DE146759075 A pesar del cuidadoso control del contenido, no asumimos ninguna responsabilidad por el contenido de los enlaces externos. El contenido [&hellip;]<\/p>\n","protected":false},"author":1,"featured_media":0,"parent":0,"menu_order":0,"comment_status":"closed","ping_status":"closed","template":"","meta":{"footnotes":""},"class_list":["post-6825","page","type-page","status-publish","hentry"],"_links":{"self":[{"href":"https:\/\/www.visibilia.com\/es\/wp-json\/wp\/v2\/pages\/6825","targetHints":{"allow":["GET"]}}],"collection":[{"href":"https:\/\/www.visibilia.com\/es\/wp-json\/wp\/v2\/pages"}],"about":[{"href":"https:\/\/www.visibilia.com\/es\/wp-json\/wp\/v2\/types\/page"}],"author":[{"embeddable":true,"href":"https:\/\/www.visibilia.com\/es\/wp-json\/wp\/v2\/users\/1"}],"replies":[{"embeddable":true,"href":"https:\/\/www.visibilia.com\/es\/wp-json\/wp\/v2\/comments?post=6825"}],"version-history":[{"count":31,"href":"https:\/\/www.visibilia.com\/es\/wp-json\/wp\/v2\/pages\/6825\/revisions"}],"predecessor-version":[{"id":8204,"href":"https:\/\/www.visibilia.com\/es\/wp-json\/wp\/v2\/pages\/6825\/revisions\/8204"}],"wp:attachment":[{"href":"https:\/\/www.visibilia.com\/es\/wp-json\/wp\/v2\/media?parent=6825"}],"curies":[{"name":"wp","href":"https:\/\/api.w.org\/{rel}","templated":true}]}}

<div data-elementor-type="wp-page" data-elementor-id="6825" class="elementor elementor-6825 elementor-2303">
				<div class="elementor-element elementor-element-68946e34 e-flex e-con-boxed e-con e-parent" data-id="68946e34" data-element_type="container" data-e-type="container" data-settings="{&quot;background_background&quot;:&quot;classic&quot;}">
					<div class="e-con-inner">
				<div class="elementor-element elementor-element-150ebc85 elementor-widget elementor-widget-text-editor" data-id="150ebc85" data-element_type="widget" data-e-type="widget" data-widget_type="text-editor.default">
				<div class="elementor-widget-container">
									<h2><strong>Visibilia GmbH</strong></h2><p>Am Flugplatz 2<br>73540 Heubach<br>Alemania<br>Tel.: +49 7173 7140 0<br>Fax: +49 7173 7140 44<br>E-mail: <a href="mailto:comercial@visibilia.es">info@visibilia.de</a> </p><p>Director General:<br>Ralf Kmoch</p><p>Inscripción en el registro:<br>Juzgado de registro: Ulm<br>Número de registro: 701207</p><p>N.º de IVA conforme al §27a UStG:<br>DE146759075 </p><p class="p1">A pesar del cuidadoso control del contenido, no asumimos ninguna responsabilidad por el contenido de los enlaces externos. El contenido de las páginas enlazadas es responsabilidad exclusiva de sus respectivos operadores. </p><p>Plataforma de la Comisión Europea para la resolución de litigios en línea <a href="https://www.ec.europa.eu/consumers/odr" target="_blank" rel="noreferrer noopener">https://www.ec.europa.eu/consumers/odr</a></p><p class="p1">*Información según el § 5 DDG</p>								</div>
				</div>
					</div>
				</div>
				</div>

<p>Visibilia GmbH Am Flugplatz 273540 HeubachAlemaniaTel.: +49 7173 7140 0Fax: +49 7173 7140 44E-mail: info@visibilia.de Director General:Ralf Kmoch Inscripción en el registro:Juzgado de registro: UlmNúmero de registro: 701207 N.º de IVA conforme al §27a UStG:DE146759075 A pesar del cuidadoso control del contenido, no asumimos ninguna responsabilidad por el contenido de los enlaces externos. El contenido [&hellip;]</p>
